*a - 3*w = 20 + 18, -a + 3*w - i = 0. Suppose -a*x - 52 = -12*x. What is the tens digit of x?
2
Let d(n) = -14*n - 2. Let s be d(-1). Suppose 4*g - 40 - s = 0. Suppose r - g - 10 = 0. What is the tens digit of r?
2
Let g = 1295 + -610. Let j = 961 - g. What is the hundreds digit of j?
2
Let c(x) = 66*x + 52. What is the hundreds digit of c(4)?
3
Suppose 0 = -3*u - 39 + 6. Let f = -9 - u. Let q = f + 8. What is the units digit of q?
0
Let j be 79/9 - 20/(-90). Suppose 0 = j*x - x. Suppose 145 = 4*s + 5*k, 0 = -2*s - 2*k - x*k + 70. What is the tens digit of s?
3
Suppose 0 = 4*n + 4*t, -2*n = n + 2*t - 5. Suppose -s = 2*w + 1, -3*s - 22 = -2*s - n*w. What is the tens digit of 1*3 - (s + -6)?
1
Suppose -5*q = x - 2048, -3*q + 4*x - 8*x + 1222 = 0. What is the tens digit of q?
1
Let y(m) = -m**3 + m**2 + 2*m + 756. What is the hundreds digit of y(0)?
7
What is the thousands digit of 15342/(2 + 4) - 0?
2
Suppose -l + 758 = 5*j - 5*l, -3*j = 4*l - 442. Suppose 3*x = 4*b + j, 0 = x - 3*x + 5*b + 100. What is the units digit of x?
0
Let w = -9 + 2. Let s be -2*1 - 42/w. Suppose s*n - 87 = -7. What is the units digit of n?
0
Let l(o) = 5*o**2 - 4*o + 25. Let v be ((-3)/6)/(-3 - (-87)/30). What is the tens digit of l(v)?
3
Let q(j) be the second derivative of 8*j + 1/6*j**3 - 2*j**2 + 0. What is the units digit of q(8)?
4
Suppose 0 = 5*d + 582 - 152. Let o = d + 226. What is the tens digit of o?
4
Let j(c) = -c**3 - 21*c**2 - 60*c - 19. What is the tens digit of j(-25)?
8
Suppose -3*u + 5*g = -0*g - 26, g = 4*u - 12. Suppose -5*h - u*j = -0*j, 4*h = -2*j. Suppose h = -8*f + 190 + 346. What is the tens digit of f?
6
Suppose -7*a + 624 = -4*a. Suppose -4*c + 4*r = -291 - 97, 5*r = -2*c + a. What is the tens digit of c?
9
Let l = -23 + 18. What is the units digit of 65*l*(-5)/25?
5
Suppose 35*z = 14*z + 46767. What is the tens digit of z?
2
Let c = 421 + -142. What is the units digit of c?
9
Suppose 0 = 2*n - n - 3*h - 23, -25 = -2*n - h. Let a = n - -39. What is the tens digit of a?
5
Suppose -3*s + 6*s - 1803 = 0. What is the tens digit of s?
0
Suppose 0 = 6*v - 1201 - 1847. What is the units digit of v?
8
Suppose 2*c - 3*a = 2, 0 = c - a - a. Suppose -4*i + 6 = -5*p, -30 = -c*i - i - 5*p. What is the units digit of i?
4
Let b(f) = 26*f**2 - 4 - 14*f**2 - 9*f**2. What is the units digit of b(3)?
3
Let u = 228 + -418. Let y = u + 272. What is the units digit of y?
2
Suppose 0 = 2*v - 10, 2*h - 5*v = -h + 239. Let f = h + -51. Let u = f - 20. What is the units digit of u?
7
Suppose 0 = 7*u - 769 - 274. Suppose 7*w - u = 292. What is the tens digit of w?
6
Let v(t) = -t**3 - 19*t**2 - 8*t - 54. What is the units digit of v(-20)?
6
Let a be (15/(-5))/(6/(-8)). Let n = -6 + a. Let j = n - -16. What is the units digit of j?
4
Let u(j) = 48 + 22*j - 99 + 48. What is the units digit of u(9)?
5
Let r(p) = p**3 + 4*p**2 - 8*p - 7. Let w be r(-5). Let o = -30 + w. What is the units digit of (1*-1)/(11/o)?
2
Let z = -756 - -1292. What is the units digit of z?
6
Let l = 1405 + -924. Suppose 0*w = w - 3*c - 89, 0 = -5*w - 3*c + l. What is the units digit of w?
5
Let v = -80 + -22. Let y = -45 - v. What is the units digit of y?
7
Suppose 0 = -s - 15 + 77. Suppose 2*v - 3*v + s = 0. What is the tens digit of v?
6
Let a(w) = -w**2 - 17*w + 10. Suppose u + 13 = -1. Let l be a(u). Let f = -24 + l. What is the tens digit of f?
2
What is the thousands digit of -3 + (-9 - -4) - -3794?
3
Let i(o) = 32*o - 552. What is the tens digit of i(52)?
1
Let c(j) = -129*j + 10. Let t be c(-2). Let i = 432 - t. What is the hundreds digit of i?
1
Let d = -757 - -1030. What is the units digit of d?
3
Let v(g) = 3*g**3 - 9*g**2 + 5*g - 18. What is the tens digit of v(6)?
3
Let j(f) = 26*f**2 - 38*f. What is the thousands digit of j(-6)?
1
Let k = -225 - -2146. What is the hundreds digit of k?
9
Let v be -4 + 6 - 3 - (-1 + -260). Let h = v - 118. What is the tens digit of h?
4
Suppose -34*l = -46*l + 6156. What is the units digit of l?
3
Let i(c) = -c**3 - 16*c**2 + 9*c - 35. What is the tens digit of i(-17)?
0
Let l(o) = -o**3 + 6*o**2 + 7*o + 1. Let k(y) = y + 1. Let d(c) = 8*c + 10. Let r(t) = -d(t) + 6*k(t). Let b be r(-5). What is the units digit of l(b)?
3
Suppose 0 = -o + 5. Suppose o*v = -5*s + 20, 11 = 4*v - s - 0*s. What is the units digit of -49*(0 + v)/(-3)?
9
Let a = 12 + -5. Suppose 0 = -4*h - 4*j + 172, -4*h - 3*j + 85 = -83. Let m = a + h. What is the tens digit of m?
4
What is the hundreds digit of 2/(10 - (-209356)/(-20937))?
9
Let u = 117 - 179. Let g = u - -69. What is the units digit of g?
7
Suppose 0 = 10*t + 14*t - 36144. What is the hundreds digit of t?
5
Suppose 0 = -4*h - 2*g - g + 15, h = -4*g + 7. Suppose -360 = -5*q + 5*i, 2*q - h*q - 3*i + 56 = 0. What is the units digit of q?
8
Let o(j) = j - 11. Let x be o(16). Let t be 12/(-15) - (-1304)/x. What is the units digit of 3 + 3*t/12?
8
Let u(a) = 12*a + 298. What is the units digit of u(0)?
8
Suppose -4*f = 3*a - 22, a + 3*f - 24 = -2*a. Let w(i) = 3*i - 4. Let k be w(a). What is the tens digit of (-13)/k + 50/4?
1
Let b be ((-1 - -3) + 1)*-4. What is the units digit of (b/5)/((-12)/30)?
6
What is the units digit of (5 + (-4724)/28)/(15/(-70))?
4
Let c(l) = 6*l**3 - 3*l**2 - 2*l + 36. What is the units digit of c(6)?
2
Suppose 38*r = 2*m + 36*r - 8886, 3*r - 22175 = -5*m. What is the units digit of m?
8
Let j(f) = 39*f**2 - 15*f - 52. What is the tens digit of j(-5)?
9
Let h = 325 + -319. What is the units digit of h?
6
Suppose 4*l + 96 = 7*l. Let x = l - 19. What is the units digit of x?
3
Suppose -5*j + 81 = 3*u, 0 = -7*j + 2*j - u + 77. Suppose -j = -p - 2. Suppose p = -0*s + s. What is the units digit of s?
3
Suppose 2*v - 16 = 2*z, -5*z = -2*z + 4*v + 17. Let l(r) = -20*r - 74. What is the tens digit of l(z)?
6
Let x(m) = -3*m**3 - 2*m**2 - m + 159. Let p(v) = -7*v**3 - 5*v**2 - 2*v + 318. Let k(n) = -2*p(n) + 5*x(n). What is the tens digit of k(0)?
5
Suppose -15*f = 12*f - 79299. What is the units digit of f?
7
Let f be 4059/(-8) + 6/16. Let v = f - -828. What is the units digit of v?
1
Suppose -3*i + 12 = -6. What is the units digit of i*2/3 + 120?
4
Let c(v) = 284*v**2 + 2*v - 2. Let n be c(1). Let p = -200 + n. Let y = -51 + p. What is the units digit of y?
3
Let a = 54 + -22. Let y = a - -26. What is the units digit of y?
8
Suppose -3458 = -9*x + 2*x. What is the hundreds digit of x?
4
Let s = -138 - -217. Suppose -200 = -4*z - z. Suppose -k + 45 = 2*b - z, 2*b = 5*k + s. What is the units digit of b?
2
Suppose -34*j + 16 = -30*j. What is the tens digit of ((-18)/j)/((-16)/128)?
3
Suppose 2*c - 12*m = -13*m + 842, 0 = -4*c - 3*m + 1682. What is the tens digit of c?
2
Let t(x) = -6*x + 7. Let p be t(-3). Suppose -16 = -l + p. What is the tens digit of l?
4
Let p(x) = -x**2 - 8*x + 4. Let a be p(-8). Suppose a*d + 124 + 98 = c, 0 = -3*c + d + 677. What is the units digit of c?
6
Let x = 958 + -130. What is the units digit of x?
8
Let n(d) = -d**3 + 6*d**2 + 2*d. Let s(a) = -a**3 - 4*a**2 + 6*a - 7. Let h be s(-5). Let u be (-8)/h*(5 - -1). What is the units digit of n(u)?
0
Let m be -10*2/6*(1 + 2). What is the tens digit of (256/m + 0)/((-54)/270)?
2
What is the hundreds digit of 11/(33/(-62))*99/(-6)?
3
Let h = -707 - -2422. What is the hundreds digit of h?
7
Let q be ((-414)/4)/(16/(-32)). Let c = 297 - q. What is the tens digit of c?
9
Let r(q) = q**3 + 2*q**2 - 4*q - 1. Let b be r(-3). Suppose -3*g + b*g + 96 = f, -486 = -5*g - 3*f. What is the units digit of g?
9
Let o = 11 - 8. Suppose 0 = 2*r + o*r. Suppose r = -2*s - 24 + 82. What is the tens digit of s?
2
Suppose -3*z = 4*x + 24, 4*z - 3*z + 3*x + 13 = 0. Let u be (-7)/28 - 141/z. What is the tens digit of u/2*42/15?
4
Let p = -10 - 23. Suppose -3*q = v - 70, -6*v + 5*v = 4*q - 68. Let h = p + v. What is the tens digit of h?
4
Suppose m - 5*m + 58 = i, -20 = -5*m. What is the tens digit of i?
4
Suppose -t + 103 + 277 = 0. What is the tens digit of t?
8
Suppose -5*p + 15270 = 2*q, -805 = -2*p - 5*q + 5324. What is the thousands digit of p?
3
Suppose -2*i = -n + 6 - 45, 0 = i - 2. Let g(p) = 11*p + 4. Let v be g(7). Let k = n + v. What is the tens digit of k?
4
Suppose 0*g = 3*p - 3*g + 30, 0 = -3*p + 2*g - 27. Let o(y) = -y**2 - 7*y + 15. Let